
1
Let z be 2/(8/(-2) - -2). Let p(c) = c**2 + c. Let j be p(z). Suppose 2*f = -j*f + b + 23, 4*f - 37 = 5*b. What is the units digit of f?
3
Let y(s) = 2*s**2 + 5*s + 3. Let a be y(5). Suppose -3*c + 167 = 5*z, -2*z - 4*c = -0*c - a. Suppose 5*h - z = 9. What is the units digit of h?
8
Let i be (-15 + 13)*(-33)/(-2). Let v = 1 - 0. What is the units digit of (5/(-15))/(v/i)?
1
Let u(j) = 110*j - 7. What is the hundreds digit of u(1)?
1
Let b = -66 - -100. What is the units digit of b?
4
Suppose -3*v = -0*v + x - 34, -3*x = 3*v - 36. What is the tens digit of v?
1
Let u(s) be the second derivative of s**3/6 + 9*s**2/2 - 4*s. What is the units digit of u(-8)?
1
Let c(v) = -2*v - 1. Let s be c(5). Let r(j) = -3*j - 13. Let w be r(-11). Let m = s + w. What is the units digit of m?
9
Let s = 4 + -2. Suppose 0*c = -2*c - s. Let l = 5 + c. What is the units digit of l?
4
Let u be 2/1 + (3 - 9). Let v = 3 + u. What is the units digit of 0 - (-2 + 1 + v)?
2
Let q(b) = b**2 - 4*b - 4. Suppose 0*m - 4*m + 14 = -5*v, -v - 14 = 2*m. Let l = 12 + v. What is the units digit of q(l)?
8
Suppose 4*b = -5*d - 26, -2*d + 4*d - 4 = 2*b. Let y be ((-6)/b)/(2/4). Suppose 0 = l - 12 + y. What is the units digit of l?
9
What is the tens digit of (-25 - 5)*(-2)/5?
1
What is the tens digit of ((-14)/8)/(7/(-112))?
2
Suppose 0*i + 4 = 2*i. What is the units digit of i?
2
Let z(j) = -4*j - 5 + 4*j**3 - 5*j**3 + j - 8*j**2. What is the tens digit of z(-8)?
1
Let d(c) = -c**3 - 7*c**2 - 4*c - 8. Let q be d(-6). Let h be 15/q + 83/4. What is the tens digit of (8/h)/((-2)/(-90))?
1
Let r = 15 + -6. What is the units digit of r?
9
What is the units digit of (4 - 1)*(-885)/(-45)?
9
Let q(n) = 2*n**2 - 8*n + 3. Let o be q(6). Suppose -h = 1, w + o = 6*w + 3*h. Let m = w - 4. What is the units digit of m?
2
Suppose -2*v = -776 + 204. What is the tens digit of v?
8
Suppose -18 + 33 = 5*m. Let q(g) = -g**2 + g. Let h be q(4). What is the units digit of (m/(-1))/(-3) - h?
3
Let h = -80 + 200. Suppose 3*g + 3*n - 135 = -n, -3*g + n + h = 0. What is the tens digit of g?
4
Suppose 0 = 4*a - 0*a + 32. What is the units digit of -1 + 21 + (a - -5)?
7
Let c = 48 + -35. What is the tens digit of c?
1
Let g = 5 - 2. Suppose 0*b + g*t = -4*b + 57, 4*t = -b + 24. What is the tens digit of b?
1
Suppose 0*w - 30 = -5*w. Suppose 0*k + w = -k. Let i = k - -16. What is the units digit of i?
0
Let i be 3/(9/12) - 2. Suppose i*v + 0*v = -5*x + 16, 3*x = 6. Suppose 15 = v*y, 4*y + 8 = -2*k + 6*k. What is the units digit of k?
7
Let k be ((-28)/2)/((-1)/2). Suppose 0*w = 5*o - 2*w - 42, 4*w = -4*o + k. Let i(z) = z**2 - 6*z - 11. What is the units digit of i(o)?
5
Let b(o) = 3*o**2 - o. Let c(i) = -i + 4. Let p be c(3). Let z be b(p). Suppose g + g = -y, -z = -y - g. What is the units digit of y?
4
Suppose -4*d + 0 = -g + 2, -5*d + 69 = 2*g. Let v = g + -7. What is the units digit of v?
5
Suppose -3*m = 3, -5*c - 6*m = -4*m - 28. Suppose -c = -3*s + 3. Suppose s*x - 4*n = -2*n + 10, -n + 16 = 2*x. What is the units digit of x?
6
Let d(r) = -r**2 + 12*r - 5. What is the tens digit of d(9)?
2
Let c = 9 + 19. What is the tens digit of c?
2
Suppose 14 - 210 = -4*p. What is the units digit of p?
9
What is the units digit of (4/(-6))/((-16)/2016)?
4
Suppose 4 = j + 2*s, -3*j + 5*s + 7 = 39. What is the tens digit of 6/j*(-152)/12?
1
Suppose -2*n + 65 = -9. What is the tens digit of n?
3
Let d be (1 + 0 + 30)*-1. Let o = -15 - d. Suppose -4*k = -3*c - 10, -o = -0*c - 2*c - 3*k. What is the units digit of c?
2
Let c = -13 - -8. Let v be (-78)/(-8) + c/(-20). Suppose -4*g = -5*u + 22 - 2, 0 = 2*g - v. What is the units digit of u?
8
Let n(t) = t**2 - 9*t + 16. What is the tens digit of n(11)?
3
Let j be 6 + 1 - (0 - -2). What is the units digit of (-12 + 1)*(j - 7)?
2
Let d(g) = g**2 + g - 7. Let n be d(0). Let y = 8 + n. What is the units digit of y?
1
Suppose 3*h - 126 = -3*l, -l + 0*l = -3. What is the units digit of h?
9
Let f = 19 + 2. What is the units digit of f?
1
Suppose 6*i - 11*i = -265. What is the tens digit of i?
5
Let y = 35 - 6. What is the tens digit of y?
2
What is the tens digit of 570/(-40)*16/(-6)?
3
Let v(i) = i**3 - 9*i**2 + i - 8. What is the units digit of v(9)?
1
Suppose x + 12*x - 806 = 0. What is the tens digit of x?
6
Let n = 14 + 40. Suppose -5*r + n = -3*k, -4*k + 8 = r - 12. What is the units digit of r?
2
Let r(s) = -7 + s**2 + 3 + 1. What is the tens digit of r(-4)?
1
Let j(f) = -22*f + 7. Let x be j(-4). Let q = x + -68. What is the tens digit of q?
2
Suppose -35*f = -36*f + 23. What is the units digit of f?
3
Let l be 5 + -3 + 78 + -2. Suppose 6*a - 3*a - l = 0. What is the units digit of a?
6
Let v = 9 + 3. Suppose f - 8 = v. What is the units digit of f?
0
Let f be -12 + -3*(1 - 2). Let m = 6 + f. Let l(p) = p**3 + 4*p**2 + 4*p + 4. What is the units digit of l(m)?
1
Let h(z) = -6*z + 1. What is the units digit of h(-13)?
9
Suppose q + 27 = 2*u, 50 = -0*u + 4*u + 2*q. Suppose 0 = 2*l - l + 4*i - 9, 3*l - i + 25 = 0. Let f = u + l. What is the units digit of f?
6
What is the units digit of (21/12)/((-2)/(-8))?
7
Suppose -t = 2*t - 99. Suppose 54 = 4*q + z, 4*z - z + t = 3*q. What is the units digit of q?
3
Let h(j) = 11*j**3 - j**2 - j. Let z be h(-1). Let o = z - -15. Suppose o*b + 7 = 5*b. What is the units digit of b?
7
Let x = 0 - -2. Suppose -x = s - 13. What is the units digit of s?
1
Suppose 4*b + 4*j - 8*j = 864, -4*j = 2*b - 438. What is the units digit of b?
7
Suppose 18 = -4*o - 2. Let u = 6 - o. What is the units digit of u?
1
Let s = 4 + -1. Suppose 4*g - s = 1. What is the units digit of g?
1
Let m(p) = -69*p + 3. Let h(a) = -46*a + 2. Let f(j) = -8*h(j) + 5*m(j). What is the units digit of f(2)?
5
Let c(o) = -o**2 - 6*o - 5. Let v be c(-5). Suppose v = -4*p + 25 + 63. What is the tens digit of p?
2
Suppose k = 25 + 50. What is the tens digit of k?
7
Suppose -257 = -6*d + 151. What is the units digit of d?
8
Let f be (-4)/6 + 879/9. Suppose -3*x = -n - f, -3*x + n + 127 = 6*n. What is the tens digit of x?
3
Let d be ((-4)/5)/((-8)/20). Suppose 19 = 4*q - d*w - 37, -4*q - w = -62. What is the tens digit of q?
1
Let h(r) = 13*r - 20. What is the tens digit of h(8)?
8
Let d be 1 - (-3 - -4) - 4. What is the units digit of (6/d)/((-18)/156)?
3
Suppose -20 = -3*o + 118. What is the tens digit of o?
4
Suppose 0 = 3*d - 5*g - 21, -3*d = -d - 2*g - 10. What is the units digit of 7/(7/d)*8?
6
Suppose 2*y + 4 = u - 5, y = 2*u. Let w(t) = -t**3 - 6*t**2 - 2*t - 4. What is the units digit of w(y)?
8
Let r be (-1 - 1) + (0 - -4). Suppose r*v - 7*v = -15. Suppose -b - 4*b + 32 = 2*y, -v*b - 6 = -3*y. What is the units digit of y?
6
Let c be -1 + 2 - (-47 + 4). Suppose -2*k - 10 + c = 0. What is the units digit of k?
7
Let l(k) = k**3 - 7*k**2 + 2*k + 2. Let f be l(7). Let b = f + 3. What is the tens digit of b?
1
Suppose 4*z - 226 = 5*c + 273, 0 = -2*z - 4*c + 256. What is the units digit of z?
6
Suppose 2*r + r + 9 = 0. Let b be ((-3)/2)/(r/8). Suppose 4*u - 20 = -b*l, -l + 2*l = -4*u + 17. What is the units digit of u?
4
Let y(q) = -q**3 + 5*q**2 - 3*q - 3. Let h be 94/(-8) - (-2)/(-8). Let m be (h/2)/(3/(-2)). What is the units digit of y(m)?
1
Suppose 0 = -i + 6*i + 50. Let o be 1*-1*(-14)/1. Let j = i + o. What is the units digit of j?
4
Suppose -4*j + 272 = -900. What is the units digit of j?
3
What is the units digit of 44/(5/100*5)?
6
Let d = 26 + -38. What is the units digit of 54/d*4/(-6)?
3
Let h be (-2)/8 + (-105)/(-20). Suppose -2*n = z - 8, -5*n + 13 + 17 = h*z. What is the units digit of z?
4
Suppose -4*b + 52 + 34 = 3*w, -4*w + 48 = 2*b. What is the tens digit of b?
2
What is the units digit of -4 + 8 - (-4 + 738/(-3))?
4
Suppose 0 = -2*b - 2*b - 24. Let w = 13 + b. What is the units digit of w?
7
What is the units digit of (-32 - 6)/(2/(-1))?
9
Suppose 2*d - 33 = -5*l, 0 = -2*d + 2*l - 2. Suppose -6 - 10 = -4*n. Suppose 3*r + 2*r - a = 39, d = n*a. What is the units digit of r?
8
Let l be (4/(-6))/((-1)/(-18)). Let g be 3/l - (-10)/8. What is the units digit of ((g - -7)/2)/2?
2
Suppose z - 4*z = -5*o + 73, 5*z = o - 19. What is the units digit of o?
4
Let z(c) be the first derivative of 5*c**4/4 - c**3/3 - c**2/2 - 1. Let m be z(-1). Let b = m + 11. 